3 - 9*y**2 - 6*y + 6. Let b(a) = -11*a - 63. Let l = 73 - 78. Let s be b(l). Give w(s).
-10
Suppose 0 = 8*d - 6 - 10. Let u(y) = 64*y**2 - 28*y**d - 28*y**2. Determine u(-1).
8
Let r(a) = -2*a - 27. Suppose 0 = -38*i + 32*i - 66. Calculate r(i).
-5
Let v(p) = p**2 + 14*p - 7. Suppose -20 = -m - 33. Give v(m).
-20
Let s = -170 - -165. Let y(g) = g**2 + 7*g - 1. Calculate y(s).
-11
Let d(a) = a**3 + 10*a**2 + 6*a - 8. Let k be d(-9). Let z = k + -14. Suppose -z*n = 5*v + 35, 11 = -2*v + 2*n - 3*n. Let y(q) = -q**2 - 5*q. Give y(v).
4
Let v(s) = 2*s - 4*s + 2*s - 4*s + 3*s - 9. Calculate v(-15).
6
Let j(o) be the first derivative of -o**4/24 + 5*o**3/6 - 9*o**2 - 14. Let h(i) be the second derivative of j(i). Let q be 2 + -1 - (-10)/2. Determine h(q).
-1
Let n(k) = k**3 + 2*k - 1. Suppose -j - 4*i = j - 18, 2*i = 6. Suppose 0 = j*o + 1 - 4. Determine n(o).
2
Let t(p) = p - 1. Suppose 0*z - 2*z + 6*z = 0. What is t(z)?
-1
Let p(z) = -z**2 + 24*z - 16. Let k(u) = 7*u**2 + u - 3. Let j be k(-2). Calculate p(j).
7
Let u be (-5 + 9)*(2 - (1 - 0)). Let b(x) = 4*x - 1. Calculate b(u).
15
Let b(m) = -3*m**2 + 15*m - 3. Let y(l) = 2*l**2 - 8*l + 1. Let g(u) = 3*b(u) + 5*y(u). Calculate g(-8).
20
Suppose 4*l + 4 = 5*l. Let y(j) be the first derivative of 2*j**2 + 2*j - 1/3*j**3 - 7. Give y(l).
2
Let l(h) = -1 + 3 + 0*h - h. Let g = -25 + 28. Let r be g/6 - (-55)/10. Calculate l(r).
-4
Let f(h) be the second derivative of h**3/6 + h**2/2 - 4*h - 2. What is f(-14)?
-13
Suppose 4*f - 22 = -5*r + 62, -78 = -5*r + 2*f. Let p(x) = x**3 - 15*x**2 - 16*x + 8. Give p(r).
8
Let t(f) = -3*f**3 - 8*f**2 + 13*f + 37. Let c(h) = 5*h**3 + 18*h**2 - 26*h - 74. Let u(w) = 4*c(w) + 7*t(w). Determine u(15).
-7
Let t(j) = -1. Let o(d) = -d + 8. Let y(p) = -o(p) - 3*t(p). Let l be (11 - 0) + -3 - (1 - -1). Give y(l).
1
Let w(n) = -3 - 19*n**2 - 1 - 2 - 15*n + 4*n**2 - n**3 - 1. Calculate w(-14).
7
Let y be ((-4)/8)/((-2)/4). Let p be 2*(6/4 - 1). Let r(c) = 10*c - p + 1 + 0. Calculate r(y).
10
Let l = 11 + -8. Let i(o) = o + 3. Let x(f) = -3*f + 3 + 2*f + 3*f. Let k(j) = l*i(j) - 2*x(j). Give k(3).
0
Let t be (-18)/(-52) - 18/(-117). Let g(h) be the second derivative of 0 - 4*h + t*h**3 + 1/12*h**4 + 3/2*h**2. Calculate g(-2).
1
Let a(i) = -3*i**2 + 2*i - 1. Suppose -4*m = 8 - 20. Suppose -4*q - 2*n - 18 = 0, -2*q + m*n + 7 = -4. What is a(q)?
-17
Let h be 24/108 - 32/(-18). Let q(a) = -3*a**2 - 5*a**2 - 4 - 5*a + 4*a**2 + h*a**3 - 3*a**3. Let j(p) = p**2 + 12*p + 8. Let b be j(-11). Calculate q(b).
2
Suppose -6*g - 66 = -17*g. Let b(a) = a**3 - 7*a**2 + 7*a - 5. Determine b(g).
1
Let a(x) = 5*x**2 + 9*x - 28. Let n(r) = -11*r**2 - 19*r + 61. Let z(p) = -13*a(p) - 6*n(p). Suppose y = t - 6, 2*t - 18 = -5*y - 6. Give z(t).
16
Let g = 597 + -600. Let p(f) = -2*f**2 - f + 4. Determine p(g).
-11
Suppose 5*k = k + 4*l - 24, 0 = -3*k + 4*l - 22. Let c be (-3)/(-6)*-2*k. Let a(n) be the first derivative of -n**3/3 - n**2 - n - 10. Give a(c).
-9
Let z(k) be the third derivative of 8*k**5/15 - k**3/6 - 47*k**2. What is z(1)?
31
Let o = 312 + -308. Let l(w) = 7*w**2 - 21*w + 1. Let v(d) = -3*d**2 + 10*d - 1. Let b(q) = 2*l(q) + 5*v(q). Determine b(o).
13
Let w(x) = -x**3 + 5*x**2 + 6*x - 33. Let j be w(4). Let i(a) = -a**3 + 7*a**2 - 3*a + 7. Determine i(j).
-14
Let b(m) = -m**2 + 36*m + 8. Let d(u) = -u**2 + 43*u + 9. Let n(y) = -6*b(y) + 5*d(y). Calculate n(3).
3
Let o(t) = 4*t**2 - 5 - 3*t - t**2 - 2*t**2. Let s be 6942/1716 - 1/22. Determine o(s).
-1
Suppose -147*q + 149*q + 2 = 0. Let d(h) = -7*h - 1. Let c(k) = 21*k + 3. Let x(g) = 3*c(g) + 8*d(g). Calculate x(q).
-6
Let l = -1 - -6. Suppose a - 7 = -l*x + 4*x, 2*a - 2*x = 2. Let g(c) = c**2 - 3*c. Give g(a).
4
Suppose 0 = -83*l + 9*l - 222. Let a(b) = 2*b + 14. What is a(l)?
8
Let d = 12 - 3. Let i = -6 + d. Suppose -i*o - 3 = 3. Let y(v) = -2*v**2 - 2*v + 1. What is y(o)?
-3
Suppose -12*y + 6*y = -12. Let d(t) = 6 + 2 - 9*t + 204*t**y - 203*t**2. Give d(8).
0
Let i(p) be the third derivative of p**5/60 + 13*p**4/24 - p**3/6 - p**2 + 525. Give i(-13).
-1
Let j(v) be the first derivative of v**4/4 + 10*v**3/3 + 9*v**2/2 + 2*v - 2. Suppose -3*h - 2*r - 17 = 0, -5*h + 4*r = -34 + 99. Determine j(h).
2
Let d(f) = -f + 15. Suppose -9*u - 8 = -11*u. Suppose -u*g - 3*b + b + 30 = 0, 5*b - 33 = -4*g. Determine d(g).
8
Let s be (801/(-178))/(-2 - (-2)/4). Let a(u) = 6*u - 19. Determine a(s).
-1
Suppose -5*o = -3*o + 8. Let u be o/(-34) - 664/(-136). Let p(j) = u - 3 - 3 + j - 2. Give p(0).
-3
Let h(r) = -26*r**3 + 8*r**2 - r - 18. Let s(l) = l**2 - 3. Let b(v) = -h(v) + 6*s(v). What is b(1)?
25
Let f = -119 + 108. Let u(q) = q**2 + 10*q. What is u(f)?
11
Let o(k) be the third derivative of k**5/60 - k**4/4 + 5*k**3/6 - 300*k**2 - k. Suppose 3*l + 0*l = 15. Calculate o(l).
0
Let f(q) = -10*q**3 + 10 + 3*q**3 + 11*q**2 + 8*q**3 - 4*q**2. What is f(-7)?
10
Let j be 3*(0 - (3 - 4)). Let q(g) = -g**3 - 3 - j + 5 + 2. Calculate q(1).
0
Let m(u) = u**3 + 2*u**2 - u + 3. Let f be m(0). Suppose -4*i - 6*v + 4*v = -2, f*i = -2*v + 1. Let w(q) = 2*q**2 + 2*q - 1. Calculate w(i).
3
Let j = 1309/870 - 2/435. Let u(h) be the first derivative of j*h**2 - 5 + 1/3*h**3 + 3*h. Give u(-2).
1
Let t = -19 + 13. Let d(u) be the first derivative of 7*u + 1/3*u**3 + 3*u**2 + 3. What is d(t)?
7
Let b(z) be the first derivative of -z**3/3 - z**2 + 5*z + 184. What is b(4)?
-19
Suppose 4*d - 1 = m, -8 = 4*d - 0*d - 4*m. Suppose 19 - d = -3*z. Let s(c) = c**2 + 5*c + 3. Determine s(z).
9
Let c(l) = -8*l - 7 + 10 + 6 - 7. What is c(-1)?
10
Let o(u) be the second derivative of -4*u**3/3 - u**2 - 13*u. Determine o(-2).
14
Suppose -5*y = -15, 4*r = -0*r - 4*y + 64. Let h(x) = r*x + 5 - 11*x - x. Calculate h(4).
9
Let s be (-2)/4 + 22/(-4). Let v(u) = 4*u + 99 - 2*u - 45 - 49 + u. Give v(s).
-13
Let y be (-4)/(-2)*(5 - 1). Let b(f) = -8*f + 6*f**2 - 1 - 5*f**2 + 0 - 3. Calculate b(y).
-4
Suppose -3*r + 14 = -r. Let w = r - 1. Let z(u) = 8*u + 24. Let d(i) = -19*i - 52. Let x(p) = -3*d(p) - 7*z(p). Give x(w).
-6
Let i(k) = 0*k**3 + 245*k**2 - 11 + 249*k**2 - 510*k**2 + k**3 - 2*k**3. Calculate i(-16).
-11
Let n(a) be the first derivative of 1/2*a**2 - 2/3*a**3 - 23 + 0*a + a**4. Give n(1).
3
Let x(k) be the third derivative of k**5/30 + 3*k**4/8 - 2*k**3/3 - 28*k**2. Determine x(-7).
31
Let r(l) = l**3 - l. Let i be -7 - 42/(-24)*4. Give r(i).
0
Let o be (-3)/(-2)*(-32)/(-48). Let f be o*(-1 + -1) - (14 - 14). Let p(d) = 2*d. Calculate p(f).
-4
Let u = 1692 - 1692. Let p(w) be the third derivative of 9*w**2 + u*w + 0 - 1/12*w**4 - 1/6*w**5 - 1/6*w**3. Determine p(-1).
-9
Suppose 4*v - 2*y = 24, -y - 2*y + 9 = 3*v. Suppose -14 = -3*n - v. Let f(a) = 2*a**2 - 4*a - 1. Let r be f(n). Let q(d) = -d + 4. What is q(r)?
-1
Let z(n) = 8*n**2 + 4*n + 20. Let d(i) = 3*i**2 + i + 7. Let b(g) = -14*d(g) + 5*z(g). Calculate b(5).
-18
Let x(r) = r + 6*r**2 + r**3 + 8*r - 6*r - 12*r - 7 + r**2. What is x(-8)?
1
Suppose 1018 = 5*u + 993. Let v(a) = -8*a + 2. Give v(u).
-38
Let d(z) be the first derivative of 11*z**2/2 - 365. What is d(1)?
11
Let i be -11 + (19 - 9) - 8. Let k(g) = -g**2 - 10*g - 7. What is k(i)?
2
Let p(c) = -c**3 - 29*c**2 - 29*c + 13. Let m be p(-28). Suppose -46*x - 10 = -m*x. Let z(f) = -2*f**2 - 2. Determine z(x).
-10
Suppose -48*q - 100 + 43 = 183. Let s(o) be the first derivative of -o**2/2 - 3*o + 1. Determine s(q).
2
Let o(v) be the first derivative of -v**4/4 + 7*v**3/3 - 4*v**2 + v + 2. Let m be (-1)/(-5) + 3972/(-60). Let s = -60 - m. What is o(s)?
-11
Suppose 0 = 2*s + 309*c - 310*c - 8, 5*c = 3*s - 26. Let q(l) = -3*l**3 + l**2 + l - 2. What is q(s)?
-20
Let a(z) = -z**3 - 4*z**2 + 6*z + 5. Suppose i = 2*i - 20. Let g be i/8*(0 + -2) + 0. Calculate a(g).
0
Suppose -82 = 4*i + 5*a - 15, 50 = -5*i + 5*a. Let l(p) = -p**3 - 14*p**2 - 11*p + 18. Give l(i).
-8
Let r = 1689 + -1680. Let o(d) = -1. Let f(w) = -2*w + 7. Let y(l) = -f(l) + 6*o(l). Give y(r).
5
Let v(l) = l**3 + 5*l**2 - l. Let q(g) = 5*g**3 + 26*g**2 - 5*g. Let w(r) = -2*q(r) + 11*v(r). Let n(m) = -3*m**2. Let s be n(-1). Calculate w(s).
3
Let q(u) = -3*u**3 + 3*u**2 - 2. Let i be q(-1). Let p(b) be the second derivative of 2*b**2 + 0*b**3 - i*b - 1/12*b**4 + 1/20*b**5 + 0. What is p(0)?
4
Let d